
-117b9c (base 14) to base 15
-bc197
What is 2693683 (base 11) in base 7?
54330132
3a399 (base 15) to base 8
554114
What is 101100111002211 (base 3) in base 15?
739e5a
-218c447 (base 13) to base 6
-1004202522
721112 (base 14) to base 6
214222512
-216676 (base 9) to base 7
-1046544
Convert -1110121002000 (base 3) to base 13.
-213975
What is -10101011110001011010 (base 2) in base 11?
-440677
Convert 5a3de (base 16) to base 3.
200210001000
What is 3aeb9 (base 16) in base 6?
5101145
Convert -310213033 (base 5) to base 12.
-507704
What is -12782 (base 12) in base 7?
-133520
-23350141 (base 6) to base 5
-141322314
100101000011100110101100 (base 2) to base 4
211003212230
What is -10100200201211 (base 3) in base 5?
-424111002
What is -441327 (base 9) in base 8?
-1002415
Convert 2001c (base 16) to base 10.
131100
Convert 22596 (base 10) to base 15.
6a66
-4ab7 (base 14) to base 13
-5c66
What is -249bd4 (base 14) in base 15?
-19c3ba
What is -230224 (base 8) in base 9?
-127855
Convert 150410 (base 8) to base 13.
1b484
Convert -124230405 (base 6) to base 8.
-11250605
What is -324202004 (base 5) in base 12?
-574635
What is -1881d4 (base 15) in base 2?
-100100010111101110111
What is 140502 (base 6) in base 5?
410032
What is -1231170 (base 8) in base 11?
-212997
What is 100011101001111100 (base 2) in base 11?
9a7a8
What is -86293 (base 11) in base 6?
-2404454
What is 1464004 (base 10) in base 5?
333322004
Convert -24610323 (base 7) to base 4.
-20132100201
2305002 (base 6) to base 8
345732
What is 25821 (base 10) in base 9?
38370
Convert 1000110111101111110 (base 2) to base 13.
a2406
-1414954 (base 10) to base 13
-3a7068
-1071516 (base 8) to base 6
-10130142
Convert 163414 (base 7) to base 9.
48454
-273669 (base 16) to base 15
-35b673
113852 (base 12) to base 9
460488
Convert 23317361 (base 8) to base 13.
1091549
b6b055 (base 13) to base 2
10000010100111000010010
-147122 (base 12) to base 13
-c079a
Convert 101120012022000 (base 3) to base 2.
10101011010011111001100
Convert -12143402 (base 5) to base 15.
-24337
1534440 (base 9) to base 2
11001111011011101101
Convert -153196 (base 12) to base 16.
-57642
-5257737 (base 9) to base 2
-1010101110111101110100
What is -150990 (base 10) in base 5?
-14312430
Convert -766145 (base 10) to base 3.
-1102220221202
What is 4a039 (base 11) in base 6?
1312540
What is 11311113212 (base 4) in base 8?
5652746
What is 969d71 (base 16) in base 4?
211221311301
2836134 (base 10) to base 6
140442130
Convert -9964b6 (base 13) to base 16.
-372015
5876b3 (base 14) to base 2
1011100000100100011101
Convert 102012122000201 (base 3) to base 6.
331401114
What is 1100010010101011 (base 2) in base 9?
76051
-174a327 (base 11) to base 2
-1011010101011000110000
Convert 10123240 (base 5) to base 3.
11012210001
What is 744087 (base 9) in base 16?
6c0d6
What is 2cf406 (base 16) in base 2?
1011001111010000000110
Convert -411257 (base 9) to base 3.
-110101021221
What is 204246 (base 9) in base 3?
20011021120
-44362 (base 13) to base 16
-1e2e3
What is -131200442 (base 5) in base 15?
-cba82
-1019506 (base 10) to base 7
-11444215
What is 43510104 (base 6) in base 2?
100111101010111011000
4517027 (base 8) to base 10
1220119
What is -1828306 (base 9) in base 15?
-1531c6
-32113201100 (base 4) to base 10
-3766352
What is -19a178 (base 11) in base 15?
-60b76
What is 42502050 (base 8) in base 11?
5140316
What is 2066171 (base 8) in base 16?
86c79
132421134 (base 5) to base 16
a39d9
What is a7d6d (base 14) in base 6?
12411405
What is 109a26 (base 12) in base 15?
53b89
38481 (base 16) to base 12
b14a9
Convert -726b6 (base 15) to base 2.
-1011000100010010110
What is 11a327 (base 11) in base 3?
100121210121
What is 1021152451 (base 6) in base 9?
22116344
-23aa5 (base 14) to base 4
-111102001
1b836 (base 13) to base 11
37735
What is -2242021 (base 5) in base 6?
-510221
What is -10011101000001000000 (base 2) in base 10?
-643136
What is -3420543 (base 6) in base 7?
-1322625
Convert -12022012222 (base 3) to base 4.
-121133120
Convert -10101000001111010 (base 2) to base 12.
-41a22
What is 1441124103 (base 5) in base 11?
2199606
Convert -34533432 (base 6) to base 9.
-2010702
Convert -9007a (base 11) to base 8.
-401420
What is 22000212222 (base 3) in base 16?
2699f
Convert 687477 (base 9) to base 2.
1100100101001110111
-15030441 (base 10) to base 7
-241520346
What is 5725232 (base 8) in base 16?
17aa9a
Convert -61e4a4 (base 15) to base 8.
-21604113
Convert 123199 (base 11) to base 8.
573773
Convert 111202120121 (base 3) to base 6.
5450024
Convert -211102001200120 (base 3) to base 13.
-260ca12
What is b6567 (base 14) in base 12?
19283b
-100201120100 (base 3) to base 5
-22111122
What is -102200002222 (base 3) in base 9?
-380088
What is 3422101003 (base 5) in base 8?
35024324
-32104044 (base 5) to base 15
-54bb9
3236d (base 14) to base 2
11101101001001101
What is 1001101010000011110 (base 2) in base 4?
1031100132
-217054 (base 13) to base 9
-1428004
-1774355 (base 9) to base 8
-3625200
1a164 (base 15) to base 13
2c71c
Convert 15322520 (base 6) to base 8.
2036160
-236020 (base 8) to base 4
-103300100
Convert 355223 (base 7) to base 13.
2332a
Convert 2146003 (base 9) to base 4.
10121120220
Convert -33103151 (base 9) to base 5.
-13044121333
What is 265907a (base 11) in base 12?
1656b77
2b379a (base 12) to base 5
141411240
What is 11553550 (base 7) in base 9?
1852544
Convert -1010202222112 (base 3) to base 11.
-384155
117903 (base 10) to base 4
130302033
109b9 (base 15) to base 16
ce58
What is -84195 (base 15) in base 2?
-1100110010000110001
Convert 1252564 (base 8) to base 7.
2654054
3202020110 (base 4) to base 12
388018
What is 1148291 (base 12) in base 14?
62a3c9
-39a95 (base 14) to base 13
-4c85a
-3676060 (base 10) to base 12
-1293424
11000111011100001100 (base 2) to base 5
202120113
What is -22210223310 (base 4) in base 8?
-12445364
2297632 (base 10) to base 16
230f20
What is 230292 (base 10) in base 5?
24332132
153055 (base 7) to base 10
29881
Convert -435167 (base 8) to base 16.
-23a77
What is 215330 (base 7) in base 14?
db50
What is -11c1a65 (base 13) in base 3?
-101102201001010
30355 (base 10) to base 9
45567
-7460b (base 14) to base 2
-1000100100111110011
Convert -1010331130 (base 4) to base 12.
-117564
Convert -4045a6 (base 12) to base 2.
-11110100111001001110
1100111032 (base 4) to base 8
1202516
243323013 (base 5) to base 11
71726a
What is -152222023 (base 6) in base 9?
-6003446
What is -2307408 (base 11) in base 8?
-17312764
What is 1be268 (base 15) in base 11?
851914
What is -1415b (base 12) in base 10?
-27863
a3d01a (base 16) to base 15
e20de7
What is -12024 (base 7) in base 6?
-22213
Convert 17263 (base 12) to base 15.
9c80
Convert -51020432 (base 6) to base 15.
-1d9562
-2068 (base 11) to base 5
-41421
1c7666 (base 15) to base 7
14555103
What is 16923 (base 12) in base 3?
1122111000
What is -385eb (base 16) in base 5?
-24342031
What is -201002022121 (base 3) in base 10?
-375667
Convert -1927144 (base 10) to base 16.
-1d67e8
ca646 (base 13) to base 9
616665
-121320303 (base 4) to base 6
-2134523
What is -38831 (base 9) in base 14?
-978b
Convert -10323114 (base 5) to base 6.
-1524435
What is -23501405 (base 6) in base 16?
-b470d
Convert 12386580 (base 10) to base 13.
2748c4b
Convert -2202020200121 (base 3) to base 16.
-164caa
Convert 106153660 (base 7) to base 16.
633208
What is -135046 (base 7) in base 15?
-7974
What is -978b23 (base 12) in base 8?
-11117513
Convert 252767 (base 8) to base 5.
10300133
303210001 (base 4) to base 6
4305441
Convert -3b649 (base 15) to base 9.
-320176
Convert -100011010101111101 (base 2) to base 9.
-240520
What is b5746 (base 16) in base 6?
23532530
Convert -a9268 (base 12) to base 2.
-110110100000110000
-241320331 (base 5) to base 4
-10101131123
-4206605 (base 8) to base 11
-6a3716
What is 2a49d4 (base 14) in base 3?
2202211012201
Convert -34986 (base 12) to base 16.
-11376
What is -3241147 (base 8) in base 11?
-543960
What is 21222120002112 (base 3) in base 7?
51030551
What is 12123123434 (base 5) in base 6?
1225511034
Convert -5143416 (base 8) to base 5.
-322033203
10221000101011 (base 3) to base 8
7753420
102212212020 (base 3) to base 7
1662642
3083d (base 14) to base 2
11100100010000111
5440240 (base 6) to base 15
54d79
What